mainder when 1585542 is divided by 264257.
0
Calculate the remainder when 267377 is divided by 1061.
5
Calculate the remainder when 301164472 is divided by 2218.
2214
Calculate the remainder when 1097229 is divided by 5685.
24
Calculate the remainder when 32629266 is divided by 1553773.
33
What is the remainder when 449535 is divided by 224318?
899
Calculate the remainder when 68547175 is divided by 6231560.
15
What is the remainder when 331090 is divided by 946?
936
Calculate the remainder when 149406137 is divided by 1291.
1289
What is the remainder when 10939 is divided by 10922?
17
What is the remainder when 1291377 is divided by 4580?
4397
Calculate the remainder when 14216873 is divided by 14.
13
What is the remainder when 1661650 is divided by 130?
120
Calculate the remainder when 1779937 is divided by 7869.
1543
What is the remainder when 740375 is divided by 61697?
11
Calculate the remainder when 218953 is divided by 72916.
205
Calculate the remainder when 1915344 is divided by 423.
0
What is the remainder when 294741428 is divided by 23?
16
What is the remainder when 92150070 is divided by 1224?
6
What is the remainder when 140520506 is divided by 733?
8
What is the remainder when 278210525 is divided by 58?
11
What is the remainder when 10747207 is divided by 1741?
14
What is the remainder when 31380802 is divided by 27?
25
What is the remainder when 15703574 is divided by 3620?
14
Calculate the remainder when 89481487 is divided by 38.
37
What is the remainder when 448187 is divided by 2532?
23
What is the remainder when 243686 is divided by 48716?
106
Calculate the remainder when 89348 is divided by 1261.
1078
What is the remainder when 87837 is divided by 2253?
2223
Calculate the remainder when 1146742 is divided by 95560.
22
What is the remainder when 33006 is divided by 3976?
1198
What is the remainder when 459035 is divided by 114756?
11
Calculate the remainder when 1945961 is divided by 1742.
147
Calculate the remainder when 190572 is divided by 95267.
38
What is the remainder when 748863 is divided by 374359?
145
What is the remainder when 128302 is divided by 1135?
47
What is the remainder when 40579589 is divided by 21?
8
What is the remainder when 387276 is divided by 2278?
16
Calculate the remainder when 18956530 is divided by 618.
616
What is the remainder when 816810 is divided by 74?
72
What is the remainder when 90404 is divided by 3227?
48
Calculate the remainder when 7434 is divided by 3228.
978
What is the remainder when 181961 is divided by 181929?
32
What is the remainder when 294103 is divided by 147047?
9
Calculate the remainder when 110425 is divided by 108924.
1501
Calculate the remainder when 25572259 is divided by 13.
11
Calculate the remainder when 2801908 is divided by 466984.
4
What is the remainder when 170162 is divided by 363?
278
What is the remainder when 55236228 is divided by 183?
57
Calculate the remainder when 271494 is divided by 11312.
6
What is the remainder when 120407 is divided by 29981?
483
Calculate the remainder when 204669452 is divided by 12791840.
12
Calculate the remainder when 53967 is divided by 13480.
47
What is the remainder when 14721043 is divided by 204?
199
Calculate the remainder when 2148915 is divided by 204.
183
What is the remainder when 146827584 is divided by 492710?
4
What is the remainder when 1147922 is divided by 19132?
2
What is the remainder when 5060760 is divided by 23321?
103
Calculate the remainder when 14109707 is divided by 4703189.
140
What is the remainder when 465486 is divided by 587?
582
What is the remainder when 39326898 is divided by 26?
0
What is the remainder when 3340 is divided by 2848?
492
Calculate the remainder when 282570164 is divided by 839.
837
Calculate the remainder when 89196156 is divided by 29.
15
Calculate the remainder when 249261 is divided by 17798.
89
Calculate the remainder when 7402 is divided by 2252.
646
Calculate the remainder when 27906134 is divided by 28.
18
Calculate the remainder when 4049601 is divided by 884.
881
What is the remainder when 14264271 is divided by 2852846?
41
Calculate the remainder when 129400 is divided by 43127.
19
Calculate the remainder when 80026 is divided by 39868.
290
What is the remainder when 250469017 is divided by 1543?
1542
Calculate the remainder when 7200 is divided by 1767.
132
What is the remainder when 3448501 is divided by 426?
31
Calculate the remainder when 60144 is divided by 9453.
3426
What is the remainder when 10542686 is divided by 270?
266
What is the remainder when 535664023 is divided by 306?
7
What is the remainder when 907727 is divided by 46?
9
What is the remainder when 41938 is divided by 963?
529
What is the remainder when 5911515 is divided by 786?
9
What is the remainder when 106922 is divided by 627?
332
Calculate the remainder when 9950 is divided by 8016.
1934
What is the remainder when 419073485 is divided by 1595?
1590
What is the remainder when 260479 is divided by 5783?
244
Calculate the remainder when 274553 is divided by 137055.
443
Calculate the remainder when 62023151 is divided by 27.
20
What is the remainder when 7534 is divided by 683?
21
Calculate the remainder when 197839 is divided by 178.
81
What is the remainder when 2664238 is divided by 554?
52
Calculate the remainder when 800597 is divided by 706.
699
Calculate the remainder when 419947 is divided by 83840.
747
Calculate the remainder when 93330876 is divided by 21842.
10
What is the remainder when 330959 is divided by 951?
11
What is the remainder when 428271 is divided by 85621?
166
What is the remainder when 18310226 is divided by 111?
110
Calculate the remainder when 497713 is divided by 248510.
693
Calculate the remainder when 71599 is divided by 5044.
983
Calculate the remainder when 92310 is divided by 8101.
3199
What is the remainder when 69761932 is divided by 16?
12
Calculate the remainder when 40563125 is divided by 103742.
3
Calculate the remainder when 1234917 is divided by 1234890.
27
What is the remainder when 427848 is divided by 4274?
448
Calculate the remainder when 11442570 is divided by 10846.
40
What is the remainder when 171690499 is divided by 100?
99
What is the remainder when 946431 is divided by 240?
111
Calculate the remainder when 6768973 is divided by 842.
135
What is the remainder when 439178 is divided by 54893?
34
What is the remainder when 576642 is divided by 28832?
2
What is the remainder when 74083 is divided by 18496?
99
What is the remainder when 73041883 is divided by 8115763?
16
Calculate the remainder when 114882 is divided by 6372.
186
What is the remainder when 15002 is divided by 294?
8
Calculate the remainder when 584979 is divided by 88.
43
What is the remainder when 194123 is divided by 96949?
225
Calculate the remainder when 795168792 is divided by 7.
5
Calculate the remainder when 2285955 is divided by 1142965.
25
What is the remainder when 1093101 is divided by 1093003?
98
Calculate the remainder when 10784103 is divided by 148.
83
What is the remainder when 21519 is divided by 10733?
53
What is the remainder when 1506204 is divided by 1668?
0
What is the remainder when 787208 is divided by 7569?
32
What is the remainder when 143203 is divided by 138864?
4339
Calculate the remainder when 136467 is divided by 879.
222
Calculate the remainder when 10344689 is divided by 544.
529
What is the remainder when 17866 is divided by 32?
10
What is the remainder when 2418239 is divided by 110?
109
What is the remainder when 10033799 is divided by 1643?
1641
What is the remainder when 1165933 is divided by 834?
1
What is the remainder when 122703 is divided by 1323?
987
What is the remainder when 3956927 is divided by 28?
23
What is the remainder when 162498 is divided by 5299?
3528
Calculate the remainder when 156103569 is divided by 3972.
3969
Calculate the remainder when 3468033 is divided by 58778.
131
Calculate the remainder when 219382 is divided by 551.
84
What is the remainder when 137368066 is divided by 68684028?
10
What is the remainder when 130226033 is divided by 1736347?
8
What is the remainder when 81656108 is divided by 2550?
8
Calculate the remainder when 22402799 is divided by 5600662.
151
What is the remainder when 40124129 is div